{"id":928,"date":"2021-03-11T14:39:06","date_gmt":"2021-03-11T19:39:06","guid":{"rendered":"https:\/\/www.ecoweb.com.co\/mauricio\/?page_id=928"},"modified":"2021-03-18T17:11:05","modified_gmt":"2021-03-18T22:11:05","slug":"post-operatorios","status":"publish","type":"page","link":"https:\/\/www.mauriciocarreno.com\/madrid\/post-operatorios\/","title":{"rendered":"Post Operatorios"},"content":{"rendered":"<p>[vc_row full_width=\u00bbstretch_row\u00bb el_class=\u00bbabout-banner\u00bb][vc_column][vc_column_text]<\/p>\n<h1 style=\"margin: 0px; text-align: center; color: #fff; font-weight: 600; font-size: 35px;\">POST OPERATORIOS<\/h1>\n<p>[\/vc_column_text][\/vc_column][\/vc_row][vc_row css=\u00bb.vc_custom_1615490065764{padding-top: 70px !important;}\u00bb][vc_column][vc_column_text]<\/p>\n<p style=\"text-align: justify; font-family: 'Lato', sans-serif;\">El ozono es muy \u00fatil como tratamiento post-operatorio para la prevenci\u00f3n de complicaciones en zona de suturas quir\u00fargicas. Estimula el drenaje linf\u00e1tico, la micro circulaci\u00f3n, el tropismo tisular y estimula el metabolismo.<\/p>\n<p>[\/vc_column_text][\/vc_column][\/vc_row][vc_row css=\u00bb.vc_custom_1615490099395{padding-bottom: 70px !important;}\u00bb][vc_column width=\u00bb1\/2&#8243;][vc_column_text]<\/p>\n<p style=\"text-align: justify; font-family: 'Lato', sans-serif;\">El resultado se observa desde la primera o segunda sesi\u00f3n y se deben realizar entre cuatro o cinco sesiones.<\/p>\n<p>[\/vc_column_text][vc_column_text]<\/p>\n<ul class=\"check-lists\">\n<li class=\"text-principal\" style=\"text-align: justify;\">\n<p style=\"font-family: Lato, sans-serif; text-align: left;\">Desinflama m\u00e1s r\u00e1pido<\/p>\n<\/li>\n<li class=\"text-principal\" style=\"text-align: justify;\">\n<p style=\"font-family: Lato, sans-serif; text-align: left;\">Mejora la cicatrizaci\u00f3n<\/p>\n<\/li>\n<li class=\"text-principal\" style=\"text-align: justify;\">\n<p style=\"font-family: Lato, sans-serif; text-align: left;\">Elimina los morados<\/p>\n<\/li>\n<li class=\"text-principal\" style=\"text-align: justify;\">\n<p style=\"font-family: Lato, sans-serif; text-align: left;\">Previene la infecci\u00f3n<\/p>\n<\/li>\n<li class=\"text-principal\" style=\"text-align: justify;\">\n<p style=\"font-family: Lato, sans-serif; text-align: left;\">Menos traumatismo post-operatorio<\/p>\n<\/li>\n<li class=\"text-principal\" style=\"text-align: justify;\">\n<p style=\"font-family: Lato, sans-serif; text-align: left;\">Resultados positivos, desde la primera sesi\u00f3n<\/p>\n<\/li>\n<\/ul>\n<p>[\/vc_column_text][\/vc_column][vc_column width=\u00bb1\/4&#8243;][vc_column_text]<img loading=\"lazy\" class=\"alignnone size-full wp-image-929\" src=\"\/wp-content\/uploads\/2021\/03\/operatorio-antes.png&quot;\" alt=\"\" width=\"100%\" height=\"NaN\" \/>[\/vc_column_text][\/vc_column][vc_column width=\u00bb1\/4&#8243;][vc_column_text]<img loading=\"lazy\" class=\"alignnone size-full wp-image-929\" src=\"\/wp-content\/uploads\/2021\/03\/operatorio-despues.png\" alt=\"\" width=\"100%\" height=\"NaN\" \/>[\/vc_column_text][\/vc_column][\/vc_row]<\/p>\n","protected":false},"excerpt":{"rendered":"<p>[vc_row full_width=\u00bbstretch_row\u00bb el_class=\u00bbabout-banner\u00bb][vc_column][vc_column_text] POST OPERATORIOS [\/vc_column_text][\/vc_column][\/vc_row][vc_row css=\u00bb.vc_custom_1615490065764{padding-top: 70px !important;}\u00bb][vc_column][vc_column_text] El ozono es muy \u00fatil como tratamiento post-operatorio para la prevenci\u00f3n&#8230;<\/p>\n","protected":false},"author":1,"featured_media":0,"parent":0,"menu_order":0,"comment_status":"closed","ping_status":"closed","template":"","meta":[],"_links":{"self":[{"href":"https:\/\/www.mauriciocarreno.com\/madrid\/wp-json\/wp\/v2\/pages\/928"}],"collection":[{"href":"https:\/\/www.mauriciocarreno.com\/madrid\/wp-json\/wp\/v2\/pages"}],"about":[{"href":"https:\/\/www.mauriciocarreno.com\/madrid\/wp-json\/wp\/v2\/types\/page"}],"author":[{"embeddable":true,"href":"https:\/\/www.mauriciocarreno.com\/madrid\/wp-json\/wp\/v2\/users\/1"}],"replies":[{"embeddable":true,"href":"https:\/\/www.mauriciocarreno.com\/madrid\/wp-json\/wp\/v2\/comments?post=928"}],"version-history":[{"count":4,"href":"https:\/\/www.mauriciocarreno.com\/madrid\/wp-json\/wp\/v2\/pages\/928\/revisions"}],"predecessor-version":[{"id":1006,"href":"https:\/\/www.mauriciocarreno.com\/madrid\/wp-json\/wp\/v2\/pages\/928\/revisions\/1006"}],"wp:attachment":[{"href":"https:\/\/www.mauriciocarreno.com\/madrid\/wp-json\/wp\/v2\/media?parent=928"}],"curies":[{"name":"wp","href":"https:\/\/api.w.org\/{rel}","templated":true}]}}