{"id":2,"date":"2019-06-25T06:09:54","date_gmt":"2019-06-25T04:09:54","guid":{"rendered":"https:\/\/www.parradoabogados.com\/?page_id=2"},"modified":"2021-08-18T09:51:07","modified_gmt":"2021-08-18T14:51:07","slug":"inicio","status":"publish","type":"page","link":"https:\/\/www.mauriciocarreno.com\/madrid\/","title":{"rendered":"Inicio"},"content":{"rendered":"<p>[vc_row full_width=\u00bbstretch_row_content_no_spaces\u00bb][vc_column][rev_slider_vc alias=\u00bbinicio\u00bb][\/vc_column][\/vc_row][vc_row full_width=\u00bbstretch_row\u00bb css=\u00bb.vc_custom_1615555819159{padding-top: 70px !important;padding-bottom: 70px !important;background-color: #f6f6f6 !important;}\u00bb][vc_column width=\u00bb1\/6&#8243;][\/vc_column][vc_column width=\u00bb2\/3&#8243;][vc_column_text]<\/p>\n<h1 class=\"text-xlg text-bolder color-green\" style=\"text-align: center;\">Dr. Mauricio Carre\u00f1o Pe\u00f1aranda<\/h1>\n<p style=\"font-family: Lato, sans-serif; text-align: center;\">Egresado Universidad Pontificia Bolivariana (Col.) como M\u00e9dico Cirujano Ozonoterapista, de la Asociaci\u00f3n Argentina del Ozono (ADELO) como Ozonoterapeuta. Argentina. Miembro externo, experto en comite cientifico internacional de ozono terapia. Miembro de aepromo (Asociaci\u00f3n Espa\u00f1ola de Profesionales M\u00e9dicos en Ozonoterapia).<\/p>\n<p>[\/vc_column_text][vc_column_text]<\/p>\n<p style=\"text-align: center;\"><a class=\"button bg-blue color-white\" href=\"\/quienes-somos\/\">Ver m\u00e1s<\/a><\/p>\n<p>[\/vc_column_text][\/vc_column][vc_column width=\u00bb1\/6&#8243;][\/vc_column][\/vc_row][vc_row css=\u00bb.vc_custom_1616100531220{padding-top: 70px !important;padding-bottom: 70px !important;}\u00bb][vc_column width=\u00bb1\/6&#8243;][\/vc_column][vc_column width=\u00bb2\/3&#8243;][vc_column_text]<\/p>\n<h1 class=\"text-xlg text-bolder color-green\" style=\"text-align: center;\">Nuestro tratamiento de OZONOTERAPIA<\/h1>\n<p style=\"font-family: Lato, sans-serif; text-align: center;\">El ozono es una muy buena opcion ante el covid-19<\/p>\n<p>[\/vc_column_text][vc_row_inner content_placement=\u00bbmiddle\u00bb css=\u00bb.vc_custom_1615561001433{padding-top: 30px !important;}\u00bb][vc_column_inner width=\u00bb1\/2&#8243;][vc_column_text]<\/p>\n<p style=\"text-align: center;\"><video style=\"width: 90%; height: NaN;\" src=\"\/wp-content\/uploads\/2021\/03\/ozono-1.mp4\" controls=\"controls\" width=\"50%\" height=\"NaN\"><\/video><\/p>\n<p>[\/vc_column_text][\/vc_column_inner][vc_column_inner width=\u00bb1\/2&#8243;][vc_column_text]<\/p>\n<table>\n<tbody>\n<tr>\n<td style=\"padding-right: 20px;\" rowspan=\"3\"><a href=\"\/wp-content\/uploads\/2021\/03\/EstudioSsalinaOzonizadaMadrid2020.pdf\" target=\"_blank\" rel=\"noopener noreferrer\"><img loading=\"lazy\" style=\"margin-left: 2%;\" src=\"\/wp-content\/uploads\/2021\/03\/PDF.png\" alt=\"PDF\" width=\"52\" height=\"55\" \/><\/a><\/td>\n<td style=\"color: #a7a7a7; font-family: 'Raspoutine' !important; font-weight: normal !important; font-style: normal !important;\">COVID-19<\/td>\n<\/tr>\n<\/tbody>\n<\/table>\n<p>[\/vc_column_text][vc_column_text]<\/p>\n<p style=\"text-align: left;\"><a class=\"button bg-blue color-white\" href=\"https:\/\/pubmed.ncbi.nlm.nih.gov\/32322478\/\">Eficacia de la Ozonoterapia<\/a><\/p>\n<p>[\/vc_column_text][\/vc_column_inner][\/vc_row_inner][\/vc_column][vc_column width=\u00bb1\/6&#8243;][\/vc_column][\/vc_row][vc_row full_width=\u00bbstretch_row\u00bb content_placement=\u00bbmiddle\u00bb css=\u00bb.vc_custom_1616100524444{padding-top: 70px !important;padding-bottom: 70px !important;background-color: #f6f6f6 !important;}\u00bb][vc_column][vc_column_text]<\/p>\n<h1 class=\"text-xlg text-bolder color-green\" style=\"text-align: left;\">NUESTROS TRATAMIENTOS<\/h1>\n<p>[\/vc_column_text][\/vc_column][vc_column width=\u00bb1\/3&#8243;][vc_column_text]<\/p>\n<ul class=\"check-lists\">\n<li class=\"text-principal\" style=\"text-align: justify;\">\n<p style=\"font-family: Lato, sans-serif; text-align: left;\">Ozono para deportistas<\/p>\n<\/li>\n<li class=\"text-principal\" style=\"text-align: justify;\">\n<p style=\"font-family: Lato, sans-serif; text-align: left;\">Rejuvenecimiento con ozono<\/p>\n<\/li>\n<li class=\"text-principal\" style=\"text-align: justify;\">\n<p style=\"font-family: Lato, sans-serif; text-align: left;\">Artritis<\/p>\n<\/li>\n<li class=\"text-principal\" style=\"text-align: justify;\">\n<p style=\"font-family: Lato, sans-serif; text-align: left;\">Alergias e Infecciones<\/p>\n<\/li>\n<li class=\"text-principal\" style=\"text-align: justify;\">\n<p style=\"font-family: Lato, sans-serif; text-align: left;\">C\u00e1ncer<\/p>\n<\/li>\n<li class=\"text-principal\" style=\"text-align: justify;\">\n<p style=\"font-family: Lato, sans-serif; text-align: left;\">Hipertensi\u00f3n<\/p>\n<\/li>\n<li class=\"text-principal\" style=\"text-align: justify;\">\n<p style=\"font-family: Lato, sans-serif; text-align: left;\">Infarto Cerebral<\/p>\n<\/li>\n<li class=\"text-principal\" style=\"text-align: justify;\">\n<p style=\"font-family: Lato, sans-serif; text-align: left;\">Retarda Envejecimiento<\/p>\n<\/li>\n<li class=\"text-principal\" style=\"text-align: justify;\">\n<p style=\"font-family: Lato, sans-serif; text-align: left;\">Acn\u00e9<\/p>\n<\/li>\n<li class=\"text-principal\" style=\"text-align: justify;\">\n<p style=\"font-family: Lato, sans-serif; text-align: left;\">Herpes tipo 1, 2 y zoster<\/p>\n<\/li>\n<li class=\"text-principal\" style=\"text-align: justify;\">\n<p style=\"font-family: Lato, sans-serif; text-align: left;\">S\u00edndrome ci\u00e1tico<\/p>\n<\/li>\n<\/ul>\n<p>[\/vc_column_text][\/vc_column][vc_column width=\u00bb1\/3&#8243;][vc_column_text]<\/p>\n<ul class=\"check-lists\">\n<li class=\"text-principal\" style=\"text-align: justify;\">\n<p style=\"font-family: Lato, sans-serif; text-align: left;\">Diabetes<\/p>\n<\/li>\n<li class=\"text-principal\" style=\"text-align: justify;\">\n<p style=\"font-family: Lato, sans-serif; text-align: left;\">Tratamiento de Herpes<\/p>\n<\/li>\n<li class=\"text-principal\" style=\"text-align: justify;\">\n<p style=\"font-family: Lato, sans-serif; text-align: left;\">Tratamiento de VIH<\/p>\n<\/li>\n<li class=\"text-principal\" style=\"text-align: justify;\">\n<p style=\"font-family: Lato, sans-serif; text-align: left;\">Fascitis plantar &#8211; Fibromialgia &#8211; Codo de tenista &#8211; Medicina integrativa<\/p>\n<\/li>\n<li class=\"text-principal\" style=\"text-align: justify;\">\n<p style=\"font-family: Lato, sans-serif; text-align: left;\">Colon irritable<\/p>\n<\/li>\n<li class=\"text-principal\" style=\"text-align: justify;\">\n<p style=\"font-family: Lato, sans-serif; text-align: left;\">Migra\u00f1a<\/p>\n<\/li>\n<li class=\"text-principal\" style=\"text-align: justify;\">\n<p style=\"font-family: Lato, sans-serif; text-align: left;\">Tratamiento del COVID en todas sus etapas<\/p>\n<\/li>\n<li class=\"text-principal\" style=\"text-align: justify;\">\n<p style=\"font-family: Lato, sans-serif; text-align: left;\">Ulceras de miembros inferiores &#8211; Tratamiento de post operatorios<\/p>\n<\/li>\n<li class=\"text-principal\" style=\"text-align: justify;\">\n<p style=\"font-family: Lato, sans-serif; text-align: left;\">Hernia Discal<\/p>\n<\/li>\n<\/ul>\n<p>[\/vc_column_text][\/vc_column][vc_column width=\u00bb1\/3&#8243;][vc_column_text]<\/p>\n<p style=\"text-align: center;\"><img loading=\"lazy\" class=\"alignnone size-full wp-image-882\" src=\"https:\/\/www.mauriciocarreno.com\/wp-content\/uploads\/2021\/08\/Dr.-Carreno-Foto-principal-scaled-e1629298251624.jpg\" alt=\"\" width=\"80%\" height=\"NaN\" \/><\/p>\n<p>[\/vc_column_text][\/vc_column][\/vc_row][vc_row full_width=\u00bbstretch_row_content_no_spaces\u00bb][vc_column][vc_column_text]<\/p>\n<div class=\"bloqueverde\" style=\"background-image: url('\/wp-content\/uploads\/2021\/03\/bloque1.png'); background-attachment: fixed; background-position: bottom; background-size: cover; padding: 60px;\">\n<div class=\"art-content-layout-wrapper\" style=\"margin-top: 10px;\">\n<div class=\"art-content-layout\" style=\"border: 0px Dashed #949494;\">\n<div class=\"art-layout-cell\" style=\"padding: 50px; width: 100%; background-color: #ffffffcc; \/* background: linear-gradient(to right, #14079d 0%, #50485b 100%); *\/filter: progid:DXImageTransform.Microsoft.gradient( startColorstr='#3764eb', endColorstr='#4aeaa6', GradientType=1 );\">\n<table>\n<tbody>\n<tr>\n<td>\n<h1 class=\"text-xlg text-bolder color-green\" style=\"text-align: left;\">\u00bfQu\u00e9 es la Ozonoterapia?<\/h1>\n<p style=\"font-family: Lato, sans-serif; text-align: left;\">Un tratamiento usando Ozono (03), variedad triat\u00f3mica del ox\u00edgeno, que se forma naturalmente en las altas capas de la atm\u00f3sfera y que fue descubierto en 1840.<br \/>\nInicialmente se emple\u00f3 como germicida por su alto potencial.<\/p>\n<p style=\"font-family: Lato, sans-serif; text-align: left;\">Para su aplicaci\u00f3n en medicina (ozonoterapia) se produce a partir del ox\u00edgeno medicinal, mediante generadores especialmente dise\u00f1ado para uso m\u00e9dico.<\/p>\n<p style=\"text-align: left;\"><a class=\"button bg-blue color-white\" href=\"https:\/\/www.mauriciocarreno.com\/que-es-la-ozonoterapia\/\">Ver m\u00e1s<\/a><\/p>\n<\/td>\n<td>\n<h1 class=\"text-xlg text-bolder color-green\" style=\"text-align: left;\">\u00bfC\u00f3mo se administra?<\/h1>\n<p style=\"font-family: Lato, sans-serif; text-align: left;\">La acci\u00f3n del Ozono combatiendo bacterias, virus y hongos, evitan la sobreinfecci\u00f3n que es un riesgo muy importante en el manejo postoperatorio, adem\u00e1s estimula la cicatrizaci\u00f3n, la r\u00e1pida resoluci\u00f3n de los hematomas (equimosis) y adem\u00e1s (inflamaci\u00f3n), resultado de los tratamientos quir\u00fargicos.<\/p>\n<p style=\"font-family: Lato, sans-serif; text-align: left;\">La relaci\u00f3n del manejo 12 &#8211; 24 horas despu\u00e9s de la intervenci\u00f3n<br \/>\npor 3 &#8211; 5 d\u00edas seguidos (dependiendo del tipo de cirug\u00eda).<\/p>\n<p><a class=\"button bg-blue color-white\" href=\"mauriciocarreno.com\/como-se-administra-el-ozono\/\">Ver m\u00e1s<\/a><\/td>\n<\/tr>\n<\/tbody>\n<\/table>\n<\/div>\n<\/div>\n<\/div>\n<\/div>\n<p>[\/vc_column_text][\/vc_column][\/vc_row][vc_row css=\u00bb.vc_custom_1615558898444{padding-top: 70px !important;padding-bottom: 70px !important;}\u00bb][vc_column css=\u00bb.vc_custom_1615558920496{padding-bottom: 5% !important;}\u00bb][vc_column_text]<\/p>\n<h1 class=\"text-xlg text-bolder color-green\" style=\"text-align: center;\">CONT\u00c1CTENOS<\/h1>\n<p>[\/vc_column_text][\/vc_column][vc_column width=\u00bb1\/2&#8243;]<div class=\"wpforms-container wpforms-container-full\" id=\"wpforms-950\"><form id=\"wpforms-form-950\" class=\"wpforms-validate wpforms-form\" data-formid=\"950\" method=\"post\" enctype=\"multipart\/form-data\" action=\"\/madrid\/wp-json\/wp\/v2\/pages\/2\" data-token=\"489c5a73ed6b832fc02785cd966bae69\" data-token-time=\"1775286429\"><noscript class=\"wpforms-error-noscript\">Por favor, activa JavaScript en tu navegador para completar este formulario.<\/noscript><div class=\"wpforms-field-container\"><div id=\"wpforms-950-field_1-container\" class=\"wpforms-field wpforms-field-name\" data-field-id=\"1\"><label class=\"wpforms-field-label\" for=\"wpforms-950-field_1\">Nombre <span class=\"wpforms-required-label\">*<\/span><\/label><input type=\"text\" id=\"wpforms-950-field_1\" class=\"wpforms-field-large wpforms-field-required\" name=\"wpforms[fields][1]\" required><\/div><div id=\"wpforms-950-field_2-container\" class=\"wpforms-field wpforms-field-email\" data-field-id=\"2\"><label class=\"wpforms-field-label\" for=\"wpforms-950-field_2\">Correo electr\u00f3nico <span class=\"wpforms-required-label\">*<\/span><\/label><input type=\"email\" id=\"wpforms-950-field_2\" class=\"wpforms-field-large wpforms-field-required\" name=\"wpforms[fields][2]\" spellcheck=\"false\" required><\/div><div id=\"wpforms-950-field_3-container\" class=\"wpforms-field wpforms-field-text\" data-field-id=\"3\"><label class=\"wpforms-field-label\" for=\"wpforms-950-field_3\">Asunto<\/label><input type=\"text\" id=\"wpforms-950-field_3\" class=\"wpforms-field-large\" name=\"wpforms[fields][3]\" ><\/div><div id=\"wpforms-950-field_4-container\" class=\"wpforms-field wpforms-field-textarea\" data-field-id=\"4\"><label class=\"wpforms-field-label\" for=\"wpforms-950-field_4\">Mensaje<\/label><textarea id=\"wpforms-950-field_4\" class=\"wpforms-field-medium\" name=\"wpforms[fields][4]\" ><\/textarea><\/div><\/div><!-- .wpforms-field-container --><div class=\"wpforms-submit-container\" ><input type=\"hidden\" name=\"wpforms[id]\" value=\"950\"><input type=\"hidden\" name=\"page_title\" value=\"\"><input type=\"hidden\" name=\"page_url\" value=\"https:\/\/www.mauriciocarreno.com\/madrid\/wp-json\/wp\/v2\/pages\/2\"><input type=\"hidden\" name=\"url_referer\" value=\"\"><button type=\"submit\" name=\"wpforms[submit]\" id=\"wpforms-submit-950\" class=\"wpforms-submit\" data-alt-text=\"Enviando...\" data-submit-text=\"Enviar\" aria-live=\"assertive\" value=\"wpforms-submit\">Enviar<\/button><\/div><\/form><\/div>  <!-- .wpforms-container -->[\/vc_column][vc_column width=\u00bb1\/2&#8243;][vc_gmaps link=\u00bb#E-8_JTNDaWZyYW1lJTIwc3JjJTNEJTIyaHR0cHMlM0ElMkYlMkZ3d3cuZ29vZ2xlLmNvbSUyRm1hcHMlMkZlbWJlZCUzRnBiJTNEJTIxMW0xNCUyMTFtOCUyMTFtMyUyMTFkMzE3MzEuNDgxMzQ5ODIxNTM3JTIxMmQtNzUuNTcwNTUlMjEzZDYuMjA2MTg4JTIxM20yJTIxMWkxMDI0JTIxMmk3NjglMjE0ZjEzLjElMjEzbTMlMjExbTIlMjExczB4MCUyNTNBMHg3MTRjMTIzMzI4MGFjNDZiJTIxMnNDZW50cm8lMjUyMGRlJTI1MjBCaWVuZXN0YXIlMjE1ZTAlMjEzbTIlMjExc2VzJTIxMnNlcyUyMTR2MTYxNTQ5NDQ5NTQxMiUyMTVtMiUyMTFzZXMlMjEyc2VzJTIyJTIwd2lkdGglM0QlMjI2MDAlMjIlMjBoZWlnaHQlM0QlMjI0NTAlMjIlMjBzdHlsZSUzRCUyMmJvcmRlciUzQTAlM0IlMjIlMjBhbGxvd2Z1bGxzY3JlZW4lM0QlMjIlMjIlMjBsb2FkaW5nJTNEJTIybGF6eSUyMiUzRSUzQyUyRmlmcmFtZSUzRQ==\u00bb][\/vc_column][\/vc_row]<\/p>\n","protected":false},"excerpt":{"rendered":"<p>[vc_row full_width=\u00bbstretch_row_content_no_spaces\u00bb][vc_column][rev_slider_vc alias=\u00bbinicio\u00bb][\/vc_column][\/vc_row][vc_row full_width=\u00bbstretch_row\u00bb css=\u00bb.vc_custom_1615555819159{padding-top: 70px !important;padding-bottom: 70px !important;background-color: #f6f6f6 !important;}\u00bb][vc_column width=\u00bb1\/6&#8243;][\/vc_column][vc_column width=\u00bb2\/3&#8243;][vc_column_text] Dr. Mauricio Carre\u00f1o Pe\u00f1aranda Egresado Universidad Pontificia&#8230;<\/p>\n","protected":false},"author":1,"featured_media":0,"parent":0,"menu_order":0,"comment_status":"closed","ping_status":"closed","template":"","meta":[],"_links":{"self":[{"href":"https:\/\/www.mauriciocarreno.com\/madrid\/wp-json\/wp\/v2\/pages\/2"}],"collection":[{"href":"https:\/\/www.mauriciocarreno.com\/madrid\/wp-json\/wp\/v2\/pages"}],"about":[{"href":"https:\/\/www.mauriciocarreno.com\/madrid\/wp-json\/wp\/v2\/types\/page"}],"author":[{"embeddable":true,"href":"https:\/\/www.mauriciocarreno.com\/madrid\/wp-json\/wp\/v2\/users\/1"}],"replies":[{"embeddable":true,"href":"https:\/\/www.mauriciocarreno.com\/madrid\/wp-json\/wp\/v2\/comments?post=2"}],"version-history":[{"count":251,"href":"https:\/\/www.mauriciocarreno.com\/madrid\/wp-json\/wp\/v2\/pages\/2\/revisions"}],"predecessor-version":[{"id":1032,"href":"https:\/\/www.mauriciocarreno.com\/madrid\/wp-json\/wp\/v2\/pages\/2\/revisions\/1032"}],"wp:attachment":[{"href":"https:\/\/www.mauriciocarreno.com\/madrid\/wp-json\/wp\/v2\/media?parent=2"}],"curies":[{"name":"wp","href":"https:\/\/api.w.org\/{rel}","templated":true}]}}